emainder when 164 is divided by 57?
50
What is the remainder when 86 is divided by 18?
14
What is the remainder when 1859 is divided by 7?
4
Calculate the remainder when 11660 is divided by 69.
68
What is the remainder when 167 is divided by 39?
11
What is the remainder when 878 is divided by 20?
18
Calculate the remainder when 47 is divided by 45.
2
What is the remainder when 82 is divided by 80?
2
What is the remainder when 12 is divided by 1?
0
Calculate the remainder when 103 is divided by 27.
22
What is the remainder when 217 is divided by 55?
52
Calculate the remainder when 877 is divided by 285.
22
Calculate the remainder when 51 is divided by 25.
1
What is the remainder when 66 is divided by 19?
9
What is the remainder when 117 is divided by 12?
9
What is the remainder when 369 is divided by 160?
49
What is the remainder when 87 is divided by 33?
21
What is the remainder when 623 is divided by 165?
128
What is the remainder when 291 is divided by 40?
11
What is the remainder when 2436 is divided by 87?
0
Calculate the remainder when 219 is divided by 37.
34
Calculate the remainder when 3650 is divided by 29.
25
What is the remainder when 908 is divided by 51?
41
What is the remainder when 4579 is divided by 1142?
11
Calculate the remainder when 1458 is divided by 20.
18
What is the remainder when 1084 is divided by 214?
14
Calculate the remainder when 4518 is divided by 751.
12
Calculate the remainder when 473 is divided by 441.
32
Calculate the remainder when 212 is divided by 27.
23
What is the remainder when 299 is divided by 160?
139
What is the remainder when 114 is divided by 24?
18
What is the remainder when 90 is divided by 20?
10
What is the remainder when 710 is divided by 121?
105
Calculate the remainder when 458 is divided by 20.
18
Calculate the remainder when 1542 is divided by 154.
2
What is the remainder when 539 is divided by 10?
9
What is the remainder when 2184 is divided by 115?
114
Calculate the remainder when 1425 is divided by 42.
39
Calculate the remainder when 89 is divided by 31.
27
Calculate the remainder when 184 is divided by 167.
17
What is the remainder when 524 is divided by 108?
92
Calculate the remainder when 393 is divided by 140.
113
Calculate the remainder when 797 is divided by 709.
88
What is the remainder when 3760 is divided by 114?
112
Calculate the remainder when 657 is divided by 44.
41
Calculate the remainder when 355 is divided by 101.
52
What is the remainder when 477 is divided by 16?
13
Calculate the remainder when 100 is divided by 30.
10
Calculate the remainder when 329 is divided by 84.
77
Calculate the remainder when 289 is divided by 272.
17
What is the remainder when 958 is divided by 32?
30
What is the remainder when 342 is divided by 61?
37
What is the remainder when 2918 is divided by 10?
8
What is the remainder when 33 is divided by 4?
1
What is the remainder when 441 is divided by 62?
7
What is the remainder when 22791 is divided by 56?
55
Calculate the remainder when 210 is divided by 148.
62
Calculate the remainder when 1337 is divided by 21.
14
What is the remainder when 98 is divided by 29?
11
Calculate the remainder when 6440 is divided by 19.
18
What is the remainder when 173 is divided by 53?
14
Calculate the remainder when 501 is divided by 55.
6
What is the remainder when 30 is divided by 21?
9
Calculate the remainder when 747 is divided by 105.
12
Calculate the remainder when 187 is divided by 82.
23
What is the remainder when 198 is divided by 7?
2
What is the remainder when 1408 is divided by 15?
13
What is the remainder when 99 is divided by 10?
9
Calculate the remainder when 8754 is divided by 4377.
0
What is the remainder when 22 is divided by 1?
0
Calculate the remainder when 1796 is divided by 150.
146
Calculate the remainder when 459 is divided by 51.
0
What is the remainder when 392 is divided by 180?
32
Calculate the remainder when 1168 is divided by 65.
63
Calculate the remainder when 4608 is divided by 67.
52
What is the remainder when 444 is divided by 9?
3
Calculate the remainder when 422 is divided by 28.
2
Calculate the remainder when 2557 is divided by 171.
163
What is the remainder when 582 is divided by 143?
10
Calculate the remainder when 178 is divided by 90.
88
Calculate the remainder when 570 is divided by 26.
24
Calculate the remainder when 3011 is divided by 34.
19
What is the remainder when 356 is divided by 15?
11
Calculate the remainder when 2684 is divided by 9.
2
What is the remainder when 77 is divided by 42?
35
Calculate the remainder when 187 is divided by 66.
55
What is the remainder when 560 is divided by 11?
10
What is the remainder when 625 is divided by 19?
17
What is the remainder when 258 is divided by 37?
36
What is the remainder when 192 is divided by 45?
12
What is the remainder when 178 is divided by 83?
12
What is the remainder when 2548 is divided by 85?
83
What is the remainder when 462 is divided by 78?
72
Calculate the remainder when 8121 is divided by 38.
27
What is the remainder when 5682 is divided by 24?
18
What is the remainder when 1147 is divided by 163?
6
What is the remainder when 36 is divided by 8?
4
What is the remainder when 268 is divided by 6?
4
Calculate the remainder when 273 is divided by 126.
21
Calculate the remainder when 123 is divided by 39.
6
Calculate the remainder when 269 is divided by 18.
17
Calculate the remainder when 475 is divided by 72.
43
What is the remainder when 1012 is divided by 5?
2
What is the remainder when 426 is divided by 39?
36
Calculate the remainder when 179 is divided by 89.
1
What is the remainder when 824 is divided by 5?
4
What is the remainder when 1638 is divided by 109?
3
What is the remainder when 464 is divided by 93?
92
What is the remainder when 114 is divided by 22?
4
What is the remainder when 1838 is divided by 19?
14
Calculate the remainder when 1108 is divided by 11.
8
Calculate the remainder when 335 is divided by 84.
83
Calculate the remainder when 66 is divided by 25.
16
Calculate the remainder when 69 is divided by 24.
21
What is the remainder when 2581 is divided by 47?
43
Calculate the remainder when 121 is divided by 63.
58
What is the remainder when 91 is divided by 32?
27
What is the remainder when 253 is divided by 15?
13
What is the remainder when 2287 is divided by 10?
7
What is the remainder when 680 is divided by 68?
0
What is the remainder when 1565 is divided by 14?
11
What is the remainder when 373 is divided by 82?
45
Calculate the remainder when 2620 is divided by 146.
138
What is the remainder when 534 is divided by 23?
5
What is the remainder when 309 is divided by 105?
99
Calculate the remainder when 163 is divided by 18.
1
Calculate the remainder when 59 is divided by 2.
1
What is the remainder when 962 is divided by 410?
142
Calculate the remainder when 470 is divided by 95.
90
What is the remainder when 1124 is divided by 25?
24
Calculate the remainder when 413 is divided by 79.
18
What is the remainder when 1261 is divided by 179?
8
Calculate the remainder when 542 is divided by 91.
87
What is the remainder when 83 is divided by 28?
27
Calculate the remainder when 2098 is divided by 10.
8
Calculate the remainder when 66 is divided by 8.
2
Calculate the remainder when 138 is divided by 5.
3
What is the remainder when 870 is divided by 13?
12
What is the remainder when 51 is divided by 51?
0
What is the remainder when 7750 is divided by 323?
321
Calculate the remainder when 221 is divided by 88.
45
Calculate the remainder when 662 is divided by 226.
210
Calculate the remainder when 66 is divided by 50.
16
What is the remainder when 973 is divided by 25?
23
What is the remainder when 1287 is divided by 317?
19
What is the remainder when 1397 is divided by 27?
20
Calculate the remainder when 3358 is divided by 112.
110
Calculate the remainder when 31358 is divided by 20.
18
What is the remainder when 133 is divided by 21?
7
Calculate the remainder when 2288 is divided by 569.
12
Calculate the remainder when 430 is divided by 73.
65
What is the remainder when 506 is divided by 4?
2
What is the remainder when 3626 is divided by 63?
35
Calculate the remainder when 2617 is divided by 69.
64
Calculate the remainder when 911 is divided